{"id":303,"date":"2017-02-26T23:31:06","date_gmt":"2017-02-26T22:31:06","guid":{"rendered":"http:\/\/hs1955.de\/ver2\/?page_id=303"},"modified":"2026-01-12T11:27:39","modified_gmt":"2026-01-12T10:27:39","slug":"further-jungschuetzen-hauptmannszug","status":"publish","type":"page","link":"https:\/\/hs1955.de\/ver2\/die-zuege\/further-jungschuetzen-hauptmannszug\/","title":{"rendered":"Further Jungsch\u00fctzen"},"content":{"rendered":"\n<hr>\n<p>&nbsp;<\/p>\n\n\n<p><span style=\"font-family: arial, helvetica, sans-serif; color: #1c351c;\"><img loading=\"lazy\" decoding=\"async\" src=\"http:\/\/hs1955.de\/ver2\/wp-content\/uploads\/2017\/02\/fjs2014klein.jpg\" alt=\"\" width=\"600\" height=\"398\" \/><\/span><\/p>\n<table style=\"width: 100%;\">\n<tbody>\n<tr>\n<td style=\"width: 30%;\"><span style=\"font-family: arial, helvetica, sans-serif; color: #1c351c;\">Gr\u00fcndungsjahr:<\/span><\/td>\n<td style=\"width: 70%;\"><span style=\"font-family: arial, helvetica, sans-serif; color: #1c351c;\">1955<\/span><\/td>\n<\/tr>\n<tr>\n<td style=\"width: 30%;\"><span style=\"font-family: arial, helvetica, sans-serif; color: #1c351c;\">Oberleutnant:<\/span><\/td>\n<td style=\"width: 70%;\"><span style=\"font-family: arial, helvetica, sans-serif; color: #1c351c;\">Lukas Thomanek<\/span><\/td>\n<\/tr>\n<tr>\n<td style=\"width: 30%;\"><span style=\"font-family: arial, helvetica, sans-serif; color: #1c351c;\">Leutnant:<\/span><\/td>\n<td style=\"width: 70%;\"><span style=\"font-family: arial, helvetica, sans-serif; color: #1c351c;\">Christian Lipowski<\/span><\/td>\n<\/tr>\n<tr>\n<td style=\"width: 30%;\"><span style=\"font-family: arial, helvetica, sans-serif; color: #1c351c;\">Feldwebel:<\/span><\/td>\n<td style=\"width: 70%;\"><span style=\"font-family: arial, helvetica, sans-serif; color: #1c351c;\">Jonas Neviandt<\/span><\/td>\n<\/tr>\n<tr>\n<td style=\"width: 30%;\"><span style=\"font-family: arial, helvetica, sans-serif; color: #1c351c;\">Kassierer:<\/span><\/td>\n<td style=\"width: 70%;\"><span style=\"font-family: arial, helvetica, sans-serif; color: #1c351c;\">Frank Sauer<\/span><\/td>\n<\/tr>\n<tr>\n<td style=\"width: 30%;\"><span style=\"font-family: arial, helvetica, sans-serif; color: #1c351c;\">Schriftf\u00fchrer:<\/span><\/td>\n<td style=\"width: 70%;\"><span style=\"font-family: arial, helvetica, sans-serif; color: #1c351c;\">Paul Sauer<\/span><\/td>\n<\/tr>\n<tr>\n<td style=\"width: 30%;\"><span style=\"font-family: arial, helvetica, sans-serif; color: #1c351c;\">K\u00f6nig:<\/span><\/td>\n<td style=\"width: 70%;\"><span style=\"font-family: arial, helvetica, sans-serif; color: #1c351c;\">Lukas Thomanek<\/span><\/td>\n<\/tr>\n<tr>\n<td style=\"width: 30%;\"><span style=\"font-family: arial, helvetica, sans-serif; color: #1c351c;\">Anzahl Aktive:<\/span><\/td>\n<td style=\"width: 70%;\"><span style=\"font-family: arial, helvetica, sans-serif; color: #1c351c;\">14<\/span><\/td>\n<\/tr>\n<tr>\n<td><span style=\"font-family: arial, helvetica, sans-serif; color: #1c351c;\">\u00a0<\/span><\/td>\n<td><span style=\"font-family: arial, helvetica, sans-serif; color: #1c351c;\">\u00a0<\/span><\/td>\n<\/tr>\n<\/tbody>\n<\/table>\n<p><span style=\"font-family: arial, helvetica, sans-serif;\">Im Jahre 1955 schlossen sich die Fu\u00dfball- und Taubenfreunde Hans Basteck, Gerd D\u00f6neke, Theo Edenhofner, Heinz Flamm, Willi Herrmann, Hermann Jansen, Herbert Martin, Peter Martin, Josef Meller, Hubert Schiefer, Ferdi Schieferdecker und Ernst Schlaak zusammen und gr\u00fcndeten die \u201eKeimzelle\u201c des heutigen Hubertuscorps in Form des Hubertuszug \u201cFurther Jungsch\u00fctzen\u201d. Erster Zugf\u00fchrer wurde damals das heutige Ehrenmitglied Willi Herrmann. Im Jahre 1959 \u00fcbernahm Josef Meller die Zugf\u00fchrung und wurde 1965 vom damaligen Oberst des Further Regiments, Josef Selders, zum Hauptmann ernannt.<\/span><\/p>\n<p><span style=\"font-family: arial, helvetica, sans-serif;\">Ein Name ist auf der Neusser Furth untrennbar von den \u201eFurther Jungsch\u00fctzen\u201c bzw. den Hubertussch\u00fctzen, Theo Edenhofner. Als Mitbegr\u00fcnder \u00fcbernahm er 1967 die F\u00fchrung des Zuges als Hauptmann der Hubertussch\u00fctzen. Im Jahre 1977 wurde er von Oberst Paul Selders zum Major der Hubertussch\u00fctzen bef\u00f6rdert. Unter seiner Leitung wurde aus einer Gemeinschaft von 13 Mitgliedern ein stolzes Corps von ca. 180 aktiven Marschierern. Theo Edenhofner f\u00fchrte das Corps bis Januar 2008 als Major und 1. Vorsitzender, danach \u00fcbergab er die F\u00fchrung des Corps in j\u00fcngere H\u00e4nde. Im Sch\u00fctzenjahr 1983\/84 erf\u00fcllte sich f\u00fcr ihn und seine Gattin Irene ein Traum, und sie trugen sich als Further Sch\u00fctzenk\u00f6nigspaar in die Annalen des Further Sch\u00fctzenwesens ein. F\u00fcr seine besonderen Verdienste wurde er 2005 vom Bund der Historischen Deutschen Sch\u00fctzenbruderschaften mit dem \u201eGoldenen Stern zum St.-Sebastianus-Ehrenkreuz\u201c ausgezeichnet.<\/span><\/p>\n<p><span style=\"font-family: arial, helvetica, sans-serif;\">Aber auch auf fremdem Terrain versuchte sich der Jubelzug. So war man durch die enge Verbindung zur Neusser Karnevalsgesellschaft \u201eGr\u00fcn-Weiss-Gelb\u201c in der Session 1969\/70 als Prinzengarde, Rote Husaren und beim \u201eStippef\u00f6ttche-Danz\u201c vertreten.<\/span><\/p>\n<p><span style=\"font-family: arial, helvetica, sans-serif;\">Im Jahre 1981 ging man unter die Veranstalter und richtete im \u201eHofer Hof\u201c in Kaarst den \u201eBuredanz\u201c aus. Leider spielte das Wetter dem Zug immer \u00f6fter einen Streich, sodass man diese Veranstaltung letztmalig im Jahre 1988 durchf\u00fchrte.<\/span><br \/><span style=\"font-family: arial, helvetica, sans-serif;\">Um die Jahrtausendwende lichteten sich aus Altersgr\u00fcnden die Reihen der \u201eFurther Jungsch\u00fctzen\u201c. Die fast schon beschlossene Aufl\u00f6sung des Zuges konnte abgewendet werden, in dem mit Frank Kl\u00f6nter, Frank Sauer, Markus Thomanek, Markus Herfurtner, Marcel H\u00e4hnen, Torsten Dieterich und Thomas Neviandt sieben ehemalige Musiker des Fanfarenkorps Neuss-Furth 1979 e.V. den \u201eFurther Jungsch\u00fctzen\u201c beitraten.<\/span><\/p>\n<p><span style=\"font-family: arial, helvetica, sans-serif;\">Das Sch\u00fctzenjahr 2013\/2014 war wohl das schw\u00e4rzeste Jahr der Gemeinschaft. Musste man doch gleich von Theo und Irene Edenhofner, Wolfgang Willkomm und Heiner Kruchen Abschied nehmen.<\/span><\/p>\n<p><span style=\"font-family: arial, helvetica, sans-serif;\">2020 bis 2021 ersch\u00fctterte eine Pandemie das Sch\u00fctzenwesen auf der Furth, weshalb in diesen beiden Jahren kein Sch\u00fctzenfest gefeiert werden konnte. Ebenfalls musste man im Jahr 2021 Abschied von Willi Jansen nehmen. Das Ehrenmitglied, welches 1956 dem Zug beitrat, war zu diesem Zeitpunkt der dienst\u00e4lteste \u201eJungsch\u00fctze\u201c.<\/span><\/p>\n<p><span style=\"font-family: arial, helvetica, sans-serif;\">2024 \u00fcbergibt Oberleutnant und Hauptmann, Markus Thomanek, sein Amt in j\u00fcngere H\u00e4nde. Auf ihn folgt sein Sohn, Lukas Thomanek. Mit ihm, Jonas Neviandt und Christian Lipowski, \u00fcbernimmt die nunmehr 3. Generation des Zuges die Arbeit des Vorstands.<\/span><\/p>\n<p><span style=\"font-family: arial, helvetica, sans-serif;\">Auf der JHV des Zuges im Jahre 2025 tritt mit Paul Sauer und Aaron Schillings nunmehr die 4. Generation in die Further Jungsch\u00fctzen ein. Die Zukunft des Zuges ist somit f\u00fcr die n\u00e4chsten Jahre gesichert.<\/span><\/p>\n<p><span style=\"font-family: arial, helvetica, sans-serif;\">Im Jahr 2026 tritt Markus Thomanek auch von seinem Posten als Hauptmann zur\u00fcck. Auf der JHV der Hubertussch\u00fctzen wird er f\u00fcr sein 22-j\u00e4hriges Engagement als Adjutant, stellv. Vorsitzender und Hauptmann des Corps zum Ehrenmitglied ernannt. Er ist somit das vierte Ehrenmitglied aus den Reihen der Further Jungsch\u00fctzen!<\/span><\/p>\n<p><span style=\"font-family: arial, helvetica, sans-serif;\">Weiterhin verfolgen wir als Zug das Ziel der Gr\u00fcnder, \u201edas Gute zu bewahren und Neuem gegen\u00fcber aufgeschlossen zu sein\u201c.<\/span><\/p>\n\n","protected":false},"excerpt":{"rendered":"<p>&nbsp; Gr\u00fcndungsjahr: 1955 Oberleutnant: Lukas Thomanek Leutnant: Christian Lipowski Feldwebel: Jonas Neviandt Kassierer: Frank Sauer Schriftf\u00fchrer: Paul Sauer K\u00f6nig: Lukas Thomanek Anzahl Aktive: 14 \u00a0 \u00a0 Im Jahre 1955 schlossen sich die Fu\u00dfball- und Taubenfreunde Hans Basteck, Gerd D\u00f6neke, Theo Edenhofner, Heinz Flamm, Willi Herrmann, Hermann Jansen, Herbert Martin, Peter Martin, Josef Meller, Hubert Schiefer, [&hellip;]<\/p>\n","protected":false},"author":1,"featured_media":0,"parent":137,"menu_order":0,"comment_status":"closed","ping_status":"closed","template":"","meta":{"footnotes":""},"class_list":["post-303","page","type-page","status-publish","hentry"],"aioseo_notices":[],"_links":{"self":[{"href":"https:\/\/hs1955.de\/ver2\/wp-json\/wp\/v2\/pages\/303","targetHints":{"allow":["GET"]}}],"collection":[{"href":"https:\/\/hs1955.de\/ver2\/wp-json\/wp\/v2\/pages"}],"about":[{"href":"https:\/\/hs1955.de\/ver2\/wp-json\/wp\/v2\/types\/page"}],"author":[{"embeddable":true,"href":"https:\/\/hs1955.de\/ver2\/wp-json\/wp\/v2\/users\/1"}],"replies":[{"embeddable":true,"href":"https:\/\/hs1955.de\/ver2\/wp-json\/wp\/v2\/comments?post=303"}],"version-history":[{"count":16,"href":"https:\/\/hs1955.de\/ver2\/wp-json\/wp\/v2\/pages\/303\/revisions"}],"predecessor-version":[{"id":3516,"href":"https:\/\/hs1955.de\/ver2\/wp-json\/wp\/v2\/pages\/303\/revisions\/3516"}],"up":[{"embeddable":true,"href":"https:\/\/hs1955.de\/ver2\/wp-json\/wp\/v2\/pages\/137"}],"wp:attachment":[{"href":"https:\/\/hs1955.de\/ver2\/wp-json\/wp\/v2\/media?parent=303"}],"curies":[{"name":"wp","href":"https:\/\/api.w.org\/{rel}","templated":true}]}}