{"id":307,"date":"2017-02-26T23:34:15","date_gmt":"2017-02-26T22:34:15","guid":{"rendered":"http:\/\/hs1955.de\/ver2\/?page_id=307"},"modified":"2026-03-31T15:08:47","modified_gmt":"2026-03-31T13:08:47","slug":"fidele-fooder","status":"publish","type":"page","link":"https:\/\/hs1955.de\/ver2\/die-zuege\/fidele-fooder\/","title":{"rendered":"Fidele Fooder"},"content":{"rendered":"\n<hr>\n<p>&nbsp;<\/p>\n\n\n<p><span style=\"font-family: arial, helvetica, sans-serif; color: #1c351c;\"><img loading=\"lazy\" decoding=\"async\" class=\"alignleft size-full wp-image-2761\" src=\"http:\/\/hs1955.de\/ver2\/wp-content\/uploads\/2024\/04\/fidele_fooder.jpeg\" alt=\"\" width=\"800\" height=\"535\" srcset=\"https:\/\/hs1955.de\/ver2\/wp-content\/uploads\/2024\/04\/fidele_fooder.jpeg 800w, https:\/\/hs1955.de\/ver2\/wp-content\/uploads\/2024\/04\/fidele_fooder-300x201.jpeg 300w, https:\/\/hs1955.de\/ver2\/wp-content\/uploads\/2024\/04\/fidele_fooder-768x514.jpeg 768w\" sizes=\"auto, (max-width: 800px) 100vw, 800px\" \/><\/span><\/p>\n<table style=\"width: 100%; height: 300px;\">\n<tbody>\n<tr style=\"height: 30px;\">\n<td style=\"width: 30%; height: 30px;\"><span style=\"font-family: arial, helvetica, sans-serif; color: #1c351c;\">Gr\u00fcndungsjahr:<\/span><\/td>\n<td style=\"width: 70%; height: 30px;\"><span style=\"font-family: arial, helvetica, sans-serif; color: #1c351c;\">1991<\/span><\/td>\n<\/tr>\n<tr style=\"height: 30px;\">\n<td style=\"width: 30%; height: 30px;\"><span style=\"font-family: arial, helvetica, sans-serif; color: #1c351c;\">Oberleutnant:<\/span><\/td>\n<td style=\"width: 70%; height: 30px;\"><span style=\"font-family: arial, helvetica, sans-serif; color: #1c351c;\">Axel Olschinski<\/span><\/td>\n<\/tr>\n<tr style=\"height: 30px;\">\n<td style=\"width: 30%; height: 30px;\"><span style=\"font-family: arial, helvetica, sans-serif; color: #1c351c;\">Leutnant:<\/span><\/td>\n<td style=\"width: 70%; height: 30px;\"><span style=\"font-family: arial, helvetica, sans-serif; color: #1c351c;\">Markus Dirk<\/span><\/td>\n<\/tr>\n<tr style=\"height: 30px;\">\n<td style=\"width: 30%; height: 30px;\"><span style=\"font-family: arial, helvetica, sans-serif; color: #1c351c;\">Feldwebel:<\/span><\/td>\n<td style=\"width: 70%; height: 30px;\"><span style=\"font-family: arial, helvetica, sans-serif; color: #1c351c;\">Olaf Schock<\/span><\/td>\n<\/tr>\n<tr style=\"height: 30px;\">\n<td style=\"width: 30%; height: 30px;\"><span style=\"font-family: arial, helvetica, sans-serif; color: #1c351c;\">Kassierer:<\/span><\/td>\n<td style=\"width: 70%; height: 30px;\"><span style=\"font-family: arial, helvetica, sans-serif; color: #1c351c;\">Thomas Dost<\/span><\/td>\n<\/tr>\n<tr style=\"height: 30px;\">\n<td style=\"width: 30%; height: 30px;\"><span style=\"font-family: arial, helvetica, sans-serif; color: #1c351c;\">Vorsitzender<\/span><\/td>\n<td style=\"width: 70%; height: 30px;\"><span style=\"font-family: arial, helvetica, sans-serif; color: #1c351c;\">Frank Pelzer<\/span><\/td>\n<\/tr>\n<tr style=\"height: 30px;\">\n<td style=\"width: 30%; height: 30px;\"><span style=\"font-family: arial, helvetica, sans-serif; color: #1c351c;\">K\u00f6nig:<\/span><\/td>\n<td style=\"width: 70%; height: 30px;\"><span style=\"font-family: arial, helvetica, sans-serif; color: #1c351c;\">Patrick Gipperich<\/span><\/td>\n<\/tr>\n<tr style=\"height: 30px;\">\n<td style=\"width: 30%; height: 30px;\"><span style=\"font-family: arial, helvetica, sans-serif; color: #1c351c;\">K\u00f6nig der K\u00f6nige:<\/span><\/td>\n<td style=\"width: 70%; height: 30px;\"><span style=\"font-family: arial, helvetica, sans-serif; color: #1c351c;\">Thomas von Werden<\/span><\/td>\n<\/tr>\n<tr style=\"height: 30px;\">\n<td style=\"width: 30%; height: 30px;\"><span style=\"font-family: arial, helvetica, sans-serif; color: #1c351c;\">Anzahl Aktive<\/span><\/td>\n<td style=\"width: 70%; height: 30px;\"><span style=\"font-family: arial, helvetica, sans-serif; color: #1c351c;\">13<\/span><\/td>\n<\/tr>\n<tr style=\"height: 30px;\">\n<td style=\"width: 30%; height: 30px;\"><span style=\"font-family: arial, helvetica, sans-serif; color: #1c351c;\">\u00a0<\/span><\/td>\n<td style=\"width: 70%; height: 30px;\"><span style=\"font-family: arial, helvetica, sans-serif; color: #1c351c;\">\u00a0<\/span><\/td>\n<\/tr>\n<\/tbody>\n<\/table>\n<p align=\"justify\"><span style=\"font-family: arial, helvetica, sans-serif; color: #1c351c;\">Von den damaligen Jungsch\u00fctzen des Hubertuscorps wurde 1991 der Hubertuszug &#8222;Fidele Fooder&#8220; gegr\u00fcndet. Mittlerweile z\u00e4hlt der Zug in seinem 25. Jahr eine Mannzahl von elf aktiven Sch\u00fctzen. Seit dem Bestehen finden sich viele Sch\u00fctzenbr\u00fcder des Zuges in verschiedenen \u00c4mtern des Hubertuscorps wieder. Hierzu z\u00e4hlen bzw. z\u00e4hlten Aufgaben wie stellv. Vorsitzender, Kassierer, Pressewart, Jungsch\u00fctzenbeauftragter, Schie\u00dfmeister, Fahnenschwenker, etc. Au\u00dferdem konnte bereits aus den Reihen einmal der Hubertusk\u00f6nig sowie drei Mal der Bruderschaftsprinz der Furth gestellte werden. Dar\u00fcber hinaus engagierte sich der Zug f\u00fcr soziale Zwecke und veranstaltete von 2000 bis 2010 das j\u00e4hrliche Brunnenfest auf dem Sebastianusplatz. Der Erl\u00f6s wurde u.a. an die umliegenden Kinderg\u00e4rten gestiftet.<\/span><\/p>\n<p><span style=\"font-family: arial, helvetica, sans-serif; color: #1c351c;\">Zitat eines Sch\u00fctzenbruders &#8222;Wenn et drop ank\u00fctt, kannste dich op die Jonges verlo\u00dfe!&#8220;<\/span><\/p>","protected":false},"excerpt":{"rendered":"<p>&nbsp; Gr\u00fcndungsjahr: 1991 Oberleutnant: Axel Olschinski Leutnant: Markus Dirk Feldwebel: Olaf Schock Kassierer: Thomas Dost Vorsitzender Frank Pelzer K\u00f6nig: Patrick Gipperich K\u00f6nig der K\u00f6nige: Thomas von Werden Anzahl Aktive 13 \u00a0 \u00a0 Von den damaligen Jungsch\u00fctzen des Hubertuscorps wurde 1991 der Hubertuszug &#8222;Fidele Fooder&#8220; gegr\u00fcndet. Mittlerweile z\u00e4hlt der Zug in seinem 25. Jahr eine Mannzahl [&hellip;]<\/p>\n","protected":false},"author":1,"featured_media":0,"parent":137,"menu_order":0,"comment_status":"closed","ping_status":"closed","template":"","meta":{"footnotes":""},"class_list":["post-307","page","type-page","status-publish","hentry"],"aioseo_notices":[],"_links":{"self":[{"href":"https:\/\/hs1955.de\/ver2\/wp-json\/wp\/v2\/pages\/307","targetHints":{"allow":["GET"]}}],"collection":[{"href":"https:\/\/hs1955.de\/ver2\/wp-json\/wp\/v2\/pages"}],"about":[{"href":"https:\/\/hs1955.de\/ver2\/wp-json\/wp\/v2\/types\/page"}],"author":[{"embeddable":true,"href":"https:\/\/hs1955.de\/ver2\/wp-json\/wp\/v2\/users\/1"}],"replies":[{"embeddable":true,"href":"https:\/\/hs1955.de\/ver2\/wp-json\/wp\/v2\/comments?post=307"}],"version-history":[{"count":18,"href":"https:\/\/hs1955.de\/ver2\/wp-json\/wp\/v2\/pages\/307\/revisions"}],"predecessor-version":[{"id":3545,"href":"https:\/\/hs1955.de\/ver2\/wp-json\/wp\/v2\/pages\/307\/revisions\/3545"}],"up":[{"embeddable":true,"href":"https:\/\/hs1955.de\/ver2\/wp-json\/wp\/v2\/pages\/137"}],"wp:attachment":[{"href":"https:\/\/hs1955.de\/ver2\/wp-json\/wp\/v2\/media?parent=307"}],"curies":[{"name":"wp","href":"https:\/\/api.w.org\/{rel}","templated":true}]}}