{"id":313,"date":"2017-02-26T23:41:00","date_gmt":"2017-02-26T22:41:00","guid":{"rendered":"http:\/\/hs1955.de\/ver2\/?page_id=313"},"modified":"2025-06-16T16:33:52","modified_gmt":"2025-06-16T14:33:52","slug":"froehlichkeit","status":"publish","type":"page","link":"https:\/\/hs1955.de\/ver2\/die-zuege\/froehlichkeit\/","title":{"rendered":"Fr\u00f6hlichkeit"},"content":{"rendered":"\n<hr>\n<p>&nbsp;<\/p>\n\n\n<p><span style=\"font-family: arial, helvetica, sans-serif; color: #1c351c;\"><img loading=\"lazy\" decoding=\"async\" class=\"alignleft size-large wp-image-3362\" src=\"http:\/\/hs1955.de\/ver2\/wp-content\/uploads\/2025\/06\/froehlichkeit-1024x729.jpg\" alt=\"\" width=\"1024\" height=\"729\" srcset=\"https:\/\/hs1955.de\/ver2\/wp-content\/uploads\/2025\/06\/froehlichkeit-1024x729.jpg 1024w, https:\/\/hs1955.de\/ver2\/wp-content\/uploads\/2025\/06\/froehlichkeit-300x214.jpg 300w, https:\/\/hs1955.de\/ver2\/wp-content\/uploads\/2025\/06\/froehlichkeit-768x547.jpg 768w, https:\/\/hs1955.de\/ver2\/wp-content\/uploads\/2025\/06\/froehlichkeit-1536x1094.jpg 1536w, https:\/\/hs1955.de\/ver2\/wp-content\/uploads\/2025\/06\/froehlichkeit.jpg 1794w\" sizes=\"auto, (max-width: 1024px) 100vw, 1024px\" \/><br \/><\/span><\/p>\n<table style=\"width: 100%;\">\n<tbody>\n<tr>\n<td style=\"width: 30%;\"><span style=\"font-family: arial, helvetica, sans-serif; color: #1c351c;\">Gr\u00fcndungsjahr:<\/span><\/td>\n<td style=\"width: 70%;\"><span style=\"font-family: arial, helvetica, sans-serif; color: #1c351c;\">2015<\/span><\/td>\n<\/tr>\n<tr>\n<td style=\"width: 30%;\"><span style=\"font-family: arial, helvetica, sans-serif; color: #1c351c;\">Oberleutnant:<\/span><\/td>\n<td style=\"width: 70%;\"><span style=\"font-family: arial, helvetica, sans-serif; color: #1c351c;\">Otto M\u00f6llenhoff<\/span><\/td>\n<\/tr>\n<tr>\n<td style=\"width: 30%;\"><span style=\"font-family: arial, helvetica, sans-serif; color: #1c351c;\">Leutnant:<\/span><\/td>\n<td style=\"width: 70%;\"><span style=\"font-family: arial, helvetica, sans-serif; color: #1c351c;\">Andreas Clement<\/span><\/td>\n<\/tr>\n<tr>\n<td style=\"width: 30%;\"><span style=\"font-family: arial, helvetica, sans-serif; color: #1c351c;\">Feldwebel:<\/span><\/td>\n<td style=\"width: 70%;\"><span style=\"font-family: arial, helvetica, sans-serif; color: #1c351c;\">Rainer Klaren<\/span><\/td>\n<\/tr>\n<tr>\n<td style=\"width: 30%;\"><span style=\"font-family: arial, helvetica, sans-serif; color: #1c351c;\">Kassierer:<\/span><\/td>\n<td style=\"width: 70%;\"><span style=\"font-family: arial, helvetica, sans-serif; color: #1c351c;\">Andreas Clement<\/span><\/td>\n<\/tr>\n<tr>\n<td style=\"width: 30%;\"><span style=\"font-family: arial, helvetica, sans-serif; color: #1c351c;\">Schriftf\u00fchrer:<\/span><\/td>\n<td style=\"width: 70%;\"><span style=\"font-family: arial, helvetica, sans-serif; color: #1c351c;\">Bernhard Posorski<\/span><\/td>\n<\/tr>\n<tr>\n<td style=\"width: 30%;\"><span style=\"font-family: arial, helvetica, sans-serif; color: #1c351c;\">K\u00f6nig:<\/span><\/td>\n<td style=\"width: 70%;\"><span style=\"font-family: arial, helvetica, sans-serif; color: #1c351c;\">Bernhard Posorski<\/span><\/td>\n<\/tr>\n<tr>\n<td style=\"width: 30%;\"><span style=\"font-family: arial, helvetica, sans-serif; color: #1c351c;\">Anzahl Aktive<\/span><\/td>\n<td style=\"width: 70%;\"><span style=\"font-family: arial, helvetica, sans-serif; color: #1c351c;\">\u00a010<\/span><\/td>\n<\/tr>\n<tr>\n<td style=\"width: 30%;\"><span style=\"font-family: arial, helvetica, sans-serif; color: #1c351c;\">\u00a0<\/span><\/td>\n<td style=\"width: 70%;\"><span style=\"font-family: arial, helvetica, sans-serif; color: #1c351c;\">\u00a0<\/span><\/td>\n<\/tr>\n<\/tbody>\n<\/table>\n<p><span style=\"font-family: arial, helvetica, sans-serif; color: #1c351c;\">Auf einer Kultur \u2013 und Genu\u00dfwanderung im sch\u00f6nen Frankenland 2015 wurde dar\u00fcber\u00a0 nachgedacht, das Sch\u00fctzenleben in der Further Sch\u00fctzengemeinschaft f\u00fcr sich neu zu definieren.<\/span><\/p>\n<p><span style=\"font-family: arial, helvetica, sans-serif; color: #1c351c;\">Die Protagonisten Franz \u2013 Josef Breuer, Armin Lengersdorf, Otto M\u00f6llenhof und Peter Wache, kamen sehr schnell auf einen gemeinsamen Nenner, der da hie\u00df: \u201eWir gr\u00fcnden einen eigenen Zug!\u201c<\/span><\/p>\n<p><span style=\"font-family: arial, helvetica, sans-serif; color: #1c351c;\">F\u00fcr diese Neuausrichtung war uns wichtig, dass die Sch\u00fctzengemeinschaft unter Freunden gelebt werden kann. Das gesellige Beisammensein, der respektvollen Umgang miteinander und sich in vielen Situationen des Lebens zu st\u00fctzen war unsere Maxime. All dies mit der notwendigen Gelassenheit und Toleranz und einer guten Portion Fr\u00f6hlichkeit.<\/span><\/p>\n<p><span style=\"font-family: arial, helvetica, sans-serif; color: #1c351c;\">Der Zugname \u201eFr\u00f6hlichkeit\u201c war somit zwingend, weitere Gleichgesinnte konnten bis heute gefunden werden. Die Aufnahme in das Hubertuscorps erfolgte\u00a0 im Oktober 2015 und wir konnten so erstmalig beim Sch\u00fctzenfest 2016 mit \u00fcber die Furth marschieren.<\/span><\/p>\n<p><span style=\"font-family: arial, helvetica, sans-serif; color: #1c351c;\">Unser Zugabzeichen, eine Eule, ist einer kleine Brauerei in Franken geschuldet. Die Weisheit der Eule soll uns immer daran erinnern, dass das Leben in der Sch\u00fctzengemeinschaft aus Spass an der Freud erfolgen soll.<\/span><\/p>","protected":false},"excerpt":{"rendered":"<p>&nbsp; Gr\u00fcndungsjahr: 2015 Oberleutnant: Otto M\u00f6llenhoff Leutnant: Andreas Clement Feldwebel: Rainer Klaren Kassierer: Andreas Clement Schriftf\u00fchrer: Bernhard Posorski K\u00f6nig: Bernhard Posorski Anzahl Aktive \u00a010 \u00a0 \u00a0 Auf einer Kultur \u2013 und Genu\u00dfwanderung im sch\u00f6nen Frankenland 2015 wurde dar\u00fcber\u00a0 nachgedacht, das Sch\u00fctzenleben in der Further Sch\u00fctzengemeinschaft f\u00fcr sich neu zu definieren. Die Protagonisten Franz \u2013 Josef [&hellip;]<\/p>\n","protected":false},"author":1,"featured_media":0,"parent":137,"menu_order":0,"comment_status":"closed","ping_status":"closed","template":"","meta":{"footnotes":""},"class_list":["post-313","page","type-page","status-publish","hentry"],"aioseo_notices":[],"_links":{"self":[{"href":"https:\/\/hs1955.de\/ver2\/wp-json\/wp\/v2\/pages\/313","targetHints":{"allow":["GET"]}}],"collection":[{"href":"https:\/\/hs1955.de\/ver2\/wp-json\/wp\/v2\/pages"}],"about":[{"href":"https:\/\/hs1955.de\/ver2\/wp-json\/wp\/v2\/types\/page"}],"author":[{"embeddable":true,"href":"https:\/\/hs1955.de\/ver2\/wp-json\/wp\/v2\/users\/1"}],"replies":[{"embeddable":true,"href":"https:\/\/hs1955.de\/ver2\/wp-json\/wp\/v2\/comments?post=313"}],"version-history":[{"count":14,"href":"https:\/\/hs1955.de\/ver2\/wp-json\/wp\/v2\/pages\/313\/revisions"}],"predecessor-version":[{"id":3363,"href":"https:\/\/hs1955.de\/ver2\/wp-json\/wp\/v2\/pages\/313\/revisions\/3363"}],"up":[{"embeddable":true,"href":"https:\/\/hs1955.de\/ver2\/wp-json\/wp\/v2\/pages\/137"}],"wp:attachment":[{"href":"https:\/\/hs1955.de\/ver2\/wp-json\/wp\/v2\/media?parent=313"}],"curies":[{"name":"wp","href":"https:\/\/api.w.org\/{rel}","templated":true}]}}