{"id":322,"date":"2017-02-26T23:46:27","date_gmt":"2017-02-26T22:46:27","guid":{"rendered":"http:\/\/hs1955.de\/ver2\/?page_id=322"},"modified":"2024-12-25T22:14:15","modified_gmt":"2024-12-25T21:14:15","slug":"mer-koeoenne-och-ohne-ze-speele","status":"publish","type":"page","link":"https:\/\/hs1955.de\/ver2\/die-zuege\/mer-koeoenne-och-ohne-ze-speele\/","title":{"rendered":"Mer K\u00f6\u00f6nne Och Ohne Ze Speele"},"content":{"rendered":"\n<hr \/>\n<p>\u00a0<\/p>\n\n\n<p><span style=\"font-family: arial, helvetica, sans-serif; color: #1c351c;\"><img loading=\"lazy\" decoding=\"async\" src=\"http:\/\/hs1955.de\/ver2\/wp-content\/uploads\/2017\/02\/mkoozs.jpg\" alt=\"\" width=\"600\" height=\"355\" \/><\/span><\/p>\n<table style=\"width: 100%;\">\n<tbody>\n<tr>\n<td style=\"width: 30%;\"><span style=\"font-family: arial, helvetica, sans-serif; color: #1c351c;\">Gr\u00fcndungsjahr:<\/span><\/td>\n<td style=\"width: 70%;\"><span style=\"font-family: arial, helvetica, sans-serif; color: #1c351c;\">2015<\/span><\/td>\n<\/tr>\n<tr>\n<td style=\"width: 30%;\"><span style=\"font-family: arial, helvetica, sans-serif; color: #1c351c;\">Oberleutnant:<\/span><\/td>\n<td style=\"width: 70%;\"><span style=\"font-family: arial, helvetica, sans-serif; color: #1c351c;\">Dennis von Zaleski<\/span><\/td>\n<\/tr>\n<tr>\n<td style=\"width: 30%;\"><span style=\"font-family: arial, helvetica, sans-serif; color: #1c351c;\">Leutnant:<\/span><\/td>\n<td style=\"width: 70%;\"><span style=\"font-family: arial, helvetica, sans-serif; color: #1c351c;\">Marcel Fegers<\/span><\/td>\n<\/tr>\n<tr>\n<td style=\"width: 30%;\"><span style=\"font-family: arial, helvetica, sans-serif; color: #1c351c;\">Feldwebel:<\/span><\/td>\n<td style=\"width: 70%;\"><span style=\"font-family: arial, helvetica, sans-serif; color: #1c351c;\">Swen H\u00fcsges<\/span><\/td>\n<\/tr>\n<tr>\n<td style=\"width: 30%;\"><span style=\"font-family: arial, helvetica, sans-serif; color: #1c351c;\">Kassierer:<\/span><\/td>\n<td style=\"width: 70%;\"><span style=\"font-family: arial, helvetica, sans-serif; color: #1c351c;\">Swen H\u00fcsges<\/span><\/td>\n<\/tr>\n<tr>\n<td style=\"width: 30%;\"><span style=\"font-family: arial, helvetica, sans-serif; color: #1c351c;\">Schriftf\u00fchrer:<\/span><\/td>\n<td style=\"width: 70%;\"><span style=\"font-family: arial, helvetica, sans-serif; color: #1c351c;\">Marcel Fegers<\/span><\/td>\n<\/tr>\n<tr>\n<td style=\"width: 30%;\"><span style=\"font-family: arial, helvetica, sans-serif; color: #1c351c;\">K\u00f6nig:<\/span><\/td>\n<td style=\"width: 70%;\"><span style=\"font-family: arial, helvetica, sans-serif; color: #1c351c;\">Marcel Fegers<\/span><\/td>\n<\/tr>\n<tr>\n<td style=\"width: 30%;\"><span style=\"font-family: arial, helvetica, sans-serif; color: #1c351c;\">Anzahl Aktive:<\/span><\/td>\n<td style=\"width: 70%;\"><span style=\"font-family: arial, helvetica, sans-serif; color: #1c351c;\">17<\/span><\/td>\n<\/tr>\n<tr>\n<td style=\"width: 30%;\"><span style=\"font-family: arial, helvetica, sans-serif; color: #1c351c;\">\u00a0<\/span><\/td>\n<td style=\"width: 70%;\"><span style=\"font-family: arial, helvetica, sans-serif; color: #1c351c;\">\u00a0<\/span><\/td>\n<\/tr>\n<\/tbody>\n<\/table>\n<p><span style=\"font-family: arial, helvetica, sans-serif; color: #1c351c;\">F\u00fcr einen echten Neusser Jungen geh\u00f6rt das Sch\u00fctzenfest zum Leben wie die Luft zum Atmen.\u00a0 Also bleibt es kaum aus, dass man \u00fcber Eltern oder Freunde fr\u00fcher oder sp\u00e4ter an das Sch\u00fctzenwesen heran gef\u00fchrt wird.\u00a0 \u00dcber viele Jahre hinweg haben sich einige Freunde auf mehreren Sch\u00fctzenfesten im gesamten Rhein-Kreis Neuss als Musiker des Fanfarenkorps Neuss-Furth 1979 e. V. ihre gemeinsame Freizeit vertrieben.\u00a0 Dabei entwickelte sich ein immer st\u00e4rkerer Zusammenhalt.\u00a0 Einige der M\u00e4nner beendeten irgendwann das Hobby und auch wenn das Musizieren nach und nach an Bedeutung verlor, ist das Interesse, gemeinsam Zeit miteinander zu verbringen und das Ganze mit Tradition zu verbinden, weiterhin geblieben.\u00a0 Denn ganz ohne Sch\u00fctzenfest wollten und konnten die Freunde dann doch nicht und entschlossen sich, einen gemeinsamen Sch\u00fctzenzug zu gr\u00fcnden.\u00a0 Nat\u00fcrlich musste es ein Zug auf der Neusser Furth sein.\u00a0 Bei der Frage, welchem Corps man beitreten solle, hat man \u00fcber das Aussehen der Uniformen, dass Auftreten der Mitglieder und vieles mehr diskutiert.\u00a0 Dabei ist die Entscheidung sehr schnell und einstimmig gefallen:<\/span><br \/><span style=\"font-family: arial, helvetica, sans-serif; color: #1c351c;\">Die Gr\u00fcndungsmitglieder Michael Barth, Christoph Behr, Georg Bouillon, Marcel Fegers, Swen H\u00fcsges und Dennis von Zaleski haben sich am 04.07.2015 zur Gr\u00fcndungsversammlung in Marcel Fegers Garten zusammengeschlossen und bei sommerlichen Temperaturen und dem ein oder anderen k\u00fchlen Blonden einen Hubertuszug gegr\u00fcndet.\u00a0 Es wurde lange \u00fcber den Namen diskutiert, doch letztendlich kam man zu dem Entschluss, dass dieser auch Programm sein soll und beschloss den passenden Namen \u201eMer K\u00f6\u00f6nne Och Ohne Ze Speele\u201c.<\/span><\/p>","protected":false},"excerpt":{"rendered":"<p>\u00a0 Gr\u00fcndungsjahr: 2015 Oberleutnant: Dennis von Zaleski Leutnant: Marcel Fegers Feldwebel: Swen H\u00fcsges Kassierer: Swen H\u00fcsges Schriftf\u00fchrer: Marcel Fegers K\u00f6nig: Marcel Fegers Anzahl Aktive: 17 \u00a0 \u00a0 F\u00fcr einen echten Neusser Jungen geh\u00f6rt das Sch\u00fctzenfest zum Leben wie die Luft zum Atmen.\u00a0 Also bleibt es kaum aus, dass man \u00fcber Eltern oder Freunde fr\u00fcher oder [&hellip;]<\/p>\n","protected":false},"author":1,"featured_media":0,"parent":137,"menu_order":0,"comment_status":"closed","ping_status":"closed","template":"","meta":{"footnotes":""},"class_list":["post-322","page","type-page","status-publish","hentry"],"aioseo_notices":[],"_links":{"self":[{"href":"https:\/\/hs1955.de\/ver2\/wp-json\/wp\/v2\/pages\/322","targetHints":{"allow":["GET"]}}],"collection":[{"href":"https:\/\/hs1955.de\/ver2\/wp-json\/wp\/v2\/pages"}],"about":[{"href":"https:\/\/hs1955.de\/ver2\/wp-json\/wp\/v2\/types\/page"}],"author":[{"embeddable":true,"href":"https:\/\/hs1955.de\/ver2\/wp-json\/wp\/v2\/users\/1"}],"replies":[{"embeddable":true,"href":"https:\/\/hs1955.de\/ver2\/wp-json\/wp\/v2\/comments?post=322"}],"version-history":[{"count":8,"href":"https:\/\/hs1955.de\/ver2\/wp-json\/wp\/v2\/pages\/322\/revisions"}],"predecessor-version":[{"id":3132,"href":"https:\/\/hs1955.de\/ver2\/wp-json\/wp\/v2\/pages\/322\/revisions\/3132"}],"up":[{"embeddable":true,"href":"https:\/\/hs1955.de\/ver2\/wp-json\/wp\/v2\/pages\/137"}],"wp:attachment":[{"href":"https:\/\/hs1955.de\/ver2\/wp-json\/wp\/v2\/media?parent=322"}],"curies":[{"name":"wp","href":"https:\/\/api.w.org\/{rel}","templated":true}]}}